o base 12.
143097a
-1dd78 (base 14) to base 5
-4423432
110111101001111 (base 2) to base 13
cc7c
What is -155260 (base 10) in base 3?
-21212222101
Convert -12493a4 (base 11) to base 9.
-4058343
What is 634b1 (base 16) in base 7?
3312505
What is 2322234311 (base 5) in base 4?
110013223123
-10013032301 (base 4) to base 14
-200cdb
Convert 12534553 (base 6) to base 3.
210012010220
11641416 (base 7) to base 6
34315130
2624252 (base 8) to base 5
141400211
What is 3202520 (base 7) in base 3?
201200120002
-ef425 (base 16) to base 3
-1211210022111
-11312310 (base 5) to base 14
-29d04
-79019 (base 15) to base 9
-645726
What is -dddd06 (base 14) in base 9?
-15145280
What is -48b147 (base 15) in base 13?
-94ac2c
Convert -4b02a (base 13) to base 8.
-416317
1002120210000 (base 3) to base 16
8e2a5
Convert 471860 (base 10) to base 8.
1631464
What is 3722526 (base 9) in base 6?
111204123
What is -127038 (base 14) in base 4?
-2122300322
Convert -11110010022011 (base 3) to base 2.
-1001000001001111001111
2576837 (base 9) to base 6
50111354
104166 (base 9) to base 12
2bb36
-10a65 (base 15) to base 5
-3143340
Convert 4110312221 (base 5) to base 11.
4753633
-2517437 (base 10) to base 2
-1001100110100110111101
1b66c (base 14) to base 2
10001000011110000
1c2656 (base 15) to base 13
391b57
Convert -210412 (base 6) to base 15.
-5085
Convert -969002 (base 15) to base 13.
-163cb23
-535a4 (base 12) to base 11
-75475
What is 24244536 (base 7) in base 10?
2162544
11111101100111000 (base 2) to base 16
1fb38
11000101011111101011 (base 2) to base 14
170b35
Convert -69b81b (base 14) to base 6.
-205131201
Convert -6315b2 (base 12) to base 3.
-2221010212122
30022322112 (base 4) to base 11
188a014
Convert -37512 (base 12) to base 13.
-28202
Convert 23015141 (base 6) to base 7.
5653312
-3d7d34 (base 14) to base 11
-1228900
-185134 (base 11) to base 10
-284992
What is -1441245 (base 6) in base 3?
-11020012202
What is -1a8521 (base 13) in base 15?
-d5186
1000100100020 (base 3) to base 10
538251
Convert -13203243 (base 6) to base 15.
-893a3
What is -7a213 (base 15) in base 7?
-3205632
What is -500023110 (base 6) in base 7?
-131260524
What is 438437 (base 12) in base 10?
1071979
What is 200101211000 (base 3) in base 15?
724a3
10110000101011011111000 (base 2) to base 15
7955c2
Convert -111011101101100011 (base 2) to base 3.
-110102111111
Convert 6225006 (base 8) to base 6.
55202554
-255104234 (base 6) to base 10
-5000926
What is 5b62c (base 13) in base 6?
3333520
What is 100001100110101010 (base 2) in base 3?
20222210212
571706 (base 11) to base 4
3132021212
Convert 20366660 (base 7) to base 10.
1714307
Convert -21120020110 (base 3) to base 2.
-100100010110011010
Convert -1132025 (base 7) to base 8.
-426034
-2cde (base 16) to base 6
-125102
Convert 1bba991 (base 12) to base 13.
13103c5
Convert 117905 (base 12) to base 13.
9ba47
What is 1626b1 (base 16) in base 12?
5a0129
-1262858 (base 14) to base 11
-4a9a812
Convert 240022120 (base 5) to base 12.
449a19
72684 (base 12) to base 15
2e4b7
-182620 (base 13) to base 14
-11a7b9
5305023 (base 6) to base 12
105173
Convert -10701724 (base 8) to base 5.
-1043440013
What is -718a30 (base 12) in base 4?
-12302003010
1010111000011011001 (base 2) to base 16
570d9
10786280 (base 9) to base 13
111c234
What is 11010011000001101 (base 2) in base 12?
52639
Convert 1464116 (base 8) to base 9.
710015
9674 (base 15) to base 7
161545
What is 1377458 (base 12) in base 6?
215214552
Convert 101766 (base 14) to base 8.
2042516
-b5d976 (base 14) to base 2
-10111011100011010010100
What is -3404114 (base 6) in base 5?
-21000412
Convert -24354244 (base 6) to base 8.
-2756064
500a58 (base 11) to base 4
3010322000
Convert 2531150 (base 6) to base 10.
136362
Convert 20121214 (base 5) to base 15.
329a9
Convert -10100101100101110011 (base 2) to base 11.
-42364a
What is 11421304 (base 5) in base 2?
11010010010111000
What is 4256142 (base 7) in base 13?
151c23
-280774 (base 13) to base 12
-3aa854
Convert -149aa08 (base 11) to base 13.
-6b9219
What is -11210223 (base 4) in base 6?
-253403
What is -111121110211 (base 3) in base 4?
-1001121301
-51236310 (base 7) to base 2
-10000010100100001111001
What is 1101010220210 (base 3) in base 16?
b27f7
Convert -10376374 (base 9) to base 3.
-100102120102111
-1132441022 (base 5) to base 10
-2624512
Convert -111010101110101100101 (base 2) to base 4.
-13111311211
1204431143 (base 6) to base 8
64065307
What is 19422 (base 14) in base 7?
354242
What is -675c24 (base 14) in base 13?
-95c6aa
What is -16072 (base 14) in base 8?
-153304
What is 5097297 (base 11) in base 7?
136330564
Convert 454651 (base 10) to base 12.
19b137
What is -118171 (base 10) in base 11?
-80869
3d820b (base 15) to base 14
5720d9
What is -290135 (base 11) in base 3?
-212001210221
-245664 (base 13) to base 3
-1122010220220
What is d7b7a (base 15) in base 6?
22400124
121120202010210 (base 3) to base 4
201213212313
-41333405 (base 8) to base 14
-12417c9
Convert 25021252 (base 6) to base 4.
3002112200
What is -19d7a4 (base 14) in base 7?
-10553264
What is -6607 (base 10) in base 5?
-202412
Convert -21c05 (base 16) to base 5.
-13410440
What is -2235145 (base 6) in base 14?
-2d717
49570 (base 11) to base 4
101120321
What is -3056346 (base 9) in base 12?
-6683a3
What is 1e2c3 (base 15) in base 8?
300314
Convert -3404705 (base 13) to base 6.
-1330224555
What is 14614412 (base 7) in base 8?
5254257
What is 130ef (base 16) in base 4?
103003233
Convert 1743166 (base 8) to base 12.
206a72
a8105 (base 13) to base 15
5ed40
What is -2013111321 (base 4) in base 7?
-4466133
Convert -46a6bb (base 12) to base 13.
-30acbb
216532 (base 12) to base 3
222220101002
What is 21222133023 (base 4) in base 15?
350933
-421455203 (base 6) to base 4
-130011302103
What is -2022020102 (base 3) in base 8?
-130473
Convert 1355307 (base 9) to base 7.
6222565
What is -2305415 (base 7) in base 14?
-76b7c
What is -1110000111101110101111 (base 2) in base 16?
-387baf
88b69 (base 14) to base 13
b7b93
What is -4230513 (base 6) in base 11?
-130a63
22102201222211 (base 3) to base 7
53046565
-310812 (base 9) to base 12
-8a83b
What is -4021 (base 10) in base 9?
-5457
Convert 1101101011001011110 (base 2) to base 11.
286729
6eea (base 16) to base 13
cc02
-1036306 (base 9) to base 16
-87ae3
-22322001000 (base 4) to base 3
-12101020220120
-1415355 (base 10) to base 14
-28bb2b
What is 10200102111 (base 3) in base 12?
35b41
Convert 12213003132 (base 4) to base 8.
6470336
-2436481 (base 9) to base 2
-101000011001000001100
4611707 (base 12) to base 10
13460407
6373477 (base 8) to base 16
19f73f
Convert 55494 (base 13) to base 7.
1212456
What is -10ab9 (base 12) in base 6?
-251153
Convert 13354242 (base 6) to base 14.
ba350
Convert 450611 (base 9) to base 10.
269497
Convert 91ac68 (base 13) to base 5.
1332104112
-11011222101 (base 3) to base 13
-2b645
-31123433 (base 6) to base 11
-563461
Convert -2314984 (base 11) to base 5.
-2014004141
24a683 (base 12) to base 7
5042631
32454307 (base 8) to base 4
122211203013
Convert -22897 (base 10) to base 9.
-34361
-c33314 (base 14) to base 5
-3140443344
What is 20210221100 (base 3) in base 10?
134091
Convert -414a5 (base 12) to base 6.
-1455125
Convert -31212314 (base 5) to base 9.
-431737
Convert 75c39 (base 15) to base 13.
101307
What is -417ea (base 16) in base 14?
-6da9c
Convert 310120023310 (base 4) to base 2.
110100011000001011110100
-1861b (base 13) to base 8
-134107
What is 14561135 (base 7) in base 5?
324033443
12311254 (base 9) to base 8
27002243
11321300023 (base 4) to base 9
2817414
What is 344104423 (base 5) in base 14?
2c5141
Convert -22303310 (base 5) to base 15.
-3d705
Convert -3d02d (base 14) to base 2.
-100100110110110001
-609178 (base 10) to base 3
-1010221122011
Convert 11134425 (base 6) to base 15.
6a7db
Convert 3343421 (base 6) to base 11.
106206
What is 34bac6 (base 16) in base 2?
1101001011101011000110
Convert -75189 (base 15) to base 5.
-43342404
What is -34144442 (base 5) in base 12?
-127502
Convert 76339 (base 10) to base 3.
10212201101
-4600665 (base 12) to base 4
-303100232231
4340040 (base 5) to base 4
102022123
-10b9d (base 14) to base 2
-1001111100000111
1347153 (base 9) to base 6
23510120
-9392563 (base 10) to base 11
-5335854
What is -1d90d (base 